*3/3 + 9*s**2/2 - 11*s + 3. Let g be q(8). What are the prime factors of (g/(-6))/(1/10)?
5
Let c(y) = -7*y - 2. Let m(r) = 14*r + 5. Let f(p) = -13*c(p) - 6*m(p). What are the prime factors of f(5)?
31
Suppose -3*i - 3*w + 5 - 2 = 0, 5*i - 5*w = 15. Let z = 10 + i. Let t = 19 - z. What are the prime factors of t?
7
Let u(l) = -2*l**3 - 5*l**2 - 3*l - 3. Let c be u(-3). What are the prime factors of (-4)/10*c/(-3)?
2
Let b(f) = -5*f**3 - 7*f**2 + f + 3. List the prime factors of b(-3).
2, 3
Let r = 104 - 61. What are the prime factors of r?
43
Let s be (1 - 2) + 1 + 3. Suppose 0 = -0*c - s*c + 45. List the prime factors of c.
3, 5
Let m = -8 - -3. Let g(y) = -y**3 - 6*y**2 - 5*y - 7. Let i be g(m). Let q = 10 + i. What are the prime factors of q?
3
Suppose -m - 2*m + 240 = 0. What are the prime factors of m?
2, 5
What are the prime factors of 1 + -1 + 0 - -27?
3
Suppose 0 = -p - 3*q + 6, 4*p - 6*q - 7 = -q. Suppose -3*a + p = -2*a. Suppose -2*k + 30 = a*k. What are the prime factors of k?
2, 3
Suppose -3583 - 2231 = -17*y. List the prime factors of y.
2, 3, 19
Let m(u) = 20*u + 14. List the prime factors of m(3).
2, 37
Let q = 171 - 95. List the prime factors of q.
2, 19
Let q(i) = i**2 + 2*i. Let t be q(-1). List the prime factors of 1/(t + (-30)/(-27)).
3
Let x(t) be the first derivative of -t**3/3 + 5*t**2/2 + 5*t - 1. List the prime factors of x(5).
5
Let f(h) = -h**3 + 3*h**2 + 6*h - 4. Let r be f(4). Let i(g) = 8*g + 1. Let d be i(3). Suppose 3 = r*z - d. What are the prime factors of z?
7
Let n(v) = v**2 + v + 2. Let p be n(0). Suppose p = 5*o - 4*f, 2*o + 5*f - 8 = 3*o. Let d(z) = z**3 + 3*z**2 - 4*z + 3. List the prime factors of d(o).
3, 5
Suppose -35 = -f - 2*b, 3*b - 15 = -f + 25. Let x = f - 18. Let r(a) = a**3 - 6*a**2 - 6*a - 4. List the prime factors of r(x).
3
Let o(p) = -3*p**3 + 2*p**2 + 4*p + 2. What are the prime factors of o(-3)?
89
Suppose 0 = -0*h + 4*h - 5*q - 53, -5*h = 5*q - 55. List the prime factors of 1*h*(-4)/(-16).
3
Let y = 188 + -82. List the prime factors of y.
2, 53
Let u be 3/1*(-100)/(-6). Suppose -5*q + u = -4*x - x, 5*q - 15 = -2*x. Let c(y) = y**3 - 5*y**2 + y + 7. List the prime factors of c(q).
2, 3
Suppose -15*i = 4*i - 3819. What are the prime factors of i?
3, 67
Let x(z) = 6*z + 17. Let l(w) = 7*w + 18. Let k(r) = 5*l(r) - 6*x(r). Let a be k(-7). Let p(t) = t**3 + 5*t**2 + 6. What are the prime factors of p(a)?
2, 3
Let g = 26 - -12. What are the prime factors of g?
2, 19
Let f = 146 + -83. What are the prime factors of f?
3, 7
Let b(x) be the first derivative of x**3/3 + 3*x**2 + 8*x - 2. Let g be b(-6). Suppose s - g = 2. What are the prime factors of s?
2, 5
Let k be (1 + -1)*1 + 0. Suppose s - 5*s - 84 = k. List the prime factors of s/(-6) - (-1)/(-2).
3
Suppose -5*u + 3*h - 2*h = -265, 3*u + h - 159 = 0. List the prime factors of u.
53
Let p(x) = 8 - 3*x**2 - 4*x**3 - 3*x**3 + 12*x**2 + 8*x**3 - 11*x. What are the prime factors of p(-10)?
2, 3
Suppose 0 = -s + 5*h - 20, 5*h = -5*s + 5 - 15. Let p = s + 33. List the prime factors of p.
2, 7
Let v be 3*(12 + (-2)/1). Suppose 5*l = 2*p - v, 4*p - 108 = -4*l + 2*l. What are the prime factors of p?
5
Let q(i) = i**2 + i - 2. Let z be q(1). Suppose z = 5*l - 193 + 23. List the prime factors of l.
2, 17
Let t = 32 - -74. List the prime factors of t.
2, 53
Let f(s) = -s**3 - 8*s**2 + 7*s + 12. Suppose 4*d = 5*u - 11, d - 17 = 4*d - 2*u. Let t be f(d). Suppose o + o = t. What are the prime factors of o?
3, 5
Suppose 6*x - 3*x + 614 = 5*a, a - 4*x - 116 = 0. List the prime factors of a.
2, 31
What are the prime factors of (23 - -4) + (-1 - 3)?
23
Let l = 184 - 127. List the prime factors of l.
3, 19
Let y = -16 + 52. Let k = -24 + y. What are the prime factors of k?
2, 3
Let d = 8 - 6. Suppose 0 = -h + 1 + d. Suppose -h = -a, 0*i + 66 = 3*i + 5*a. List the prime factors of i.
17
Let g(r) = -7*r**3 - 3*r**2 - 3*r. What are the prime factors of g(-2)?
2, 5
Suppose -v = -0*v - 10. List the prime factors of v.
2, 5
Let s = -9 - -7. Let p(i) = i**2 + i. What are the prime factors of p(s)?
2
Let q = 9 - 5. Suppose -q*g = 57 - 225. What are the prime factors of g?
2, 3, 7
What are the prime factors of (-1002)/(-27) - (-7)/(-63)?
37
Suppose 0 = -5*w + 13*w - 744. What are the prime factors of w?
3, 31
Let h be 6*1/2*1. Let i be (-2 + -2)/(4 - 5). Suppose 4 = h*v + j - 31, -i*v + 49 = -j. What are the prime factors of v?
2, 3
Suppose 0 = -4*c + 30 - 10. Suppose j + 2*j - 38 = -k, -c*j + 3*k = -68. Let n = j + -7. What are the prime factors of n?
2, 3
Let s = -17 - -8. Let r(x) = -3*x**2 + 9*x - 17. Let v(k) = -k**2 + 5*k - 8. Let p(o) = -2*r(o) + 5*v(o). What are the prime factors of p(s)?
2, 3
Suppose 27 - 95 = -4*q. Suppose 7 = m - q. List the prime factors of m.
2, 3
Suppose -2*y = -3*q - 20 + 6, 2*y - 18 = 5*q. Let p(z) = -z**3 + 5*z**2 + 2. Let x be p(y). Suppose t - x = -t. List the prime factors of t.
3
Suppose 3*w = 9*w + 540. Let v = -40 - w. List the prime factors of v.
2, 5
List the prime factors of -2 + 5 + (-2)/(-3)*147.
101
Let p(n) = n**3 + n + 3. Let q be p(0). What are the prime factors of (-81)/(-5) - q/15?
2
Let j be (-423)/15 + 1/5. Let q = j - -46. List the prime factors of q.
2, 3
Let l(c) = c**3 - 6*c**2 + 2*c - 1. Let a(z) = z**3 + 9*z**2 + 7*z - 5. Let r be a(-8). Let q be (54/21)/r*7. What are the prime factors of l(q)?
11
Suppose 43 = -3*t - 47. Let i = -18 - t. List the prime factors of i.
2, 3
Let j(h) = 19*h**2 + 6. Let y(a) = 4*a**2 + 1. Let m(v) = -2*j(v) + 11*y(v). List the prime factors of m(-1).
5
Let m(o) be the second derivative of o**3/6 + 11*o**2/2 - 9*o. Suppose 0 = -5*r - s - 1, -2*r = 2*s + 2. List the prime factors of m(r).
11
Suppose -2*k = -2*g - 0*k + 24, -3*g - 4*k = -29. List the prime factors of g.
11
Let p = 73 + -27. List the prime factors of p.
2, 23
Let h(n) = n - 2. Let y be h(2). Suppose 4*q = -y*q + 12. What are the prime factors of q?
3
Suppose 4*c = -3*s + 523, 2*c + 4 - 12 = 0. What are the prime factors of s?
13
Suppose -1 = a - 19. Let s(t) = -t**3 + 9*t**2 + 10*t - 4. Let q be s(10). Let o = a + q. List the prime factors of o.
2, 7
Let d(l) = l**2 - 4*l**2 - 5*l + 2 + l**3 - 3*l**2. What are the prime factors of d(7)?
2
Let r = -38 + 149. Suppose -2*q = q - 3*h - r, 0 = q - 5*h - 37. List the prime factors of q.
37
Let y = 17 - -25. List the prime factors of y.
2, 3, 7
Let j = -42 + 18. What are the prime factors of (-20)/10*j/2?
2, 3
Let n(l) = l**2 + 7*l + 6. Let t be n(-6). Let b = t - -19. What are the prime factors of b?
19
Let w(u) = -u**3 + 8*u**2 + 4*u - 8. List the prime factors of w(4).
2, 3
Let t(y) be the second derivative of -1/2*y**2 + 0 + 4*y + 2*y**3. List the prime factors of t(1).
11
Suppose 3*a + 0*a + 6 = 2*d, 2*a = -4. Suppose 4*h - 2*x - 20 = d, -5*h - x + 4 = -7. List the prime factors of h.
3
Let a = -64 + 134. List the prime factors of a.
2, 5, 7
Let u(g) = g**3 + 3*g**2 + 3*g - 16. List the prime factors of u(5).
199
Suppose -2*v + 72 = 5*n, 2*v = -2*v - 2*n + 160. List the prime factors of v.
41
Let i(o) = o**3 - 3*o**2 + 4*o + 1. List the prime factors of i(3).
13
Suppose 0*y + 3*y = 183. List the prime factors of y.
61
Let w = 45 - 27. List the prime factors of w.
2, 3
Suppose 0*a + 3*q - 222 = -3*a, q = 0. What are the prime factors of a?
2, 37
Let o(r) = -r**2 - 13*r - 1. List the prime factors of o(-11).
3, 7
Suppose 1239 = -0*h + 7*h. What are the prime factors of h?
3, 59
Let o(z) = -z**3 - 4*z**2 + 4*z - 1. Suppose 3*b - 10 = 5*b. What are the prime factors of o(b)?
2
Suppose 0 = 2*q + 3*q - 20. Suppose 0 = 4*r + 5*l - 3, -q*r - l = -5 - 2. Suppose 2*v - r*p = 4, 3*p - 2*p = -3*v + 18. List the prime factors of v.
5
Let d = 460 - 322. List the prime factors of d.
2, 3, 23
Let p(c) = 4*c**2 - 3*c. Let z be p(2). List the prime factors of 358/z + 6/30.
2, 3
Let d(k) = 0 - 6 + 3 + 2*k. Let j be 11 + (-5 - (-6)/2). What are the prime factors of d(j)?
3, 5
List the prime factors of (-2832)/(-21) + 2/14.
3, 5
Suppose -44*b + 39*b + 1510 = 0. What are the prime factors of b?
2, 151
Let a be 0/((-1 - 0) + 0). Suppose -2*m + 8 = -y - 1, a = -3*m + 4*y + 26. What are the prime factors of m?
2
Suppose -3*u + 8 = -u - 4*t, 0 = -3*u - t + 33. What are the prime factors of u?